8. What are the prime factors of g?
1229
Let v = 2997 - -2858. What are the prime factors of v?
5, 1171
Let o = 195 + 236. Let r = o + -298. What are the prime factors of r?
7, 19
Suppose 0 = -4*l - 3*b + 5720, 5716 = 4*l - 7*b + 9*b. What are the prime factors of l?
1427
What are the prime factors of -6*587*(-2)/6?
2, 587
Suppose 4*d + 849 - 2741 = 0. Let p = d + -303. What are the prime factors of p?
2, 5, 17
Let x = -103 - -108. Suppose 6*u = 3*u + 3*r + 297, -x*u + 3*r + 485 = 0. List the prime factors of u.
2, 47
Let x = -10 - -13. Suppose 0 = 2*i + x + 1. What are the prime factors of ((-13)/i)/((-3)/(-6))?
13
Let q(p) = p**3 - 5*p**2 - 5*p - 1. Let j be q(6). Let k = 106 - 60. Suppose -5*g + k - 10 = 2*z, j*z = g + 63. List the prime factors of z.
13
Let c(u) = -u**3 - 24*u**2 + 50*u + 9. What are the prime factors of c(-27)?
2, 3, 47
Let j = 137 + 219. What are the prime factors of j?
2, 89
Let i(j) = 4*j**2 - 3*j + 7. Let q(s) = 2*s**2 - 2*s + 3. Let w(p) = 3*i(p) - 5*q(p). Let m be w(-3). Suppose -5 = 2*d - m. List the prime factors of d.
2
Let x(j) = -70*j + 31 - 7 + 71*j. Let k be x(0). Let p = k + -8. List the prime factors of p.
2
Suppose 5*x = -360 + 1060. Suppose 3*f = 5*n - 389, -2*n - 6*f + 2*f + x = 0. List the prime factors of n.
2, 19
Let j(f) = 9*f + 2. Let r be j(2). Suppose -6*g + g = r. List the prime factors of 1815/25 + g/(-10).
73
Suppose -39 = -h + 21. What are the prime factors of (h/(-18))/((-6)/9)?
5
Let q(t) = t + 6. Let w be q(-3). Let n(c) = -w - 3 + 10 - c**2 + 11*c. What are the prime factors of n(7)?
2
List the prime factors of 442 + ((-75)/(-30))/(2/4).
3, 149
Suppose 4416 + 831 = 11*f. List the prime factors of f.
3, 53
Suppose -9*l = -56*l + 19364. List the prime factors of l.
2, 103
Let a(p) = -2*p + 10 + 4 - 2. Let r = 4 - 4. List the prime factors of a(r).
2, 3
Suppose 0*l = -5*z - l + 36, 5*l - 5 = 0. Suppose -z + 10 = q. Suppose 19 - 52 = -q*p. What are the prime factors of p?
11
Suppose 2*g - 7 = 11. Let n(u) = -8*u - 8. Let f(m) = -15*m - 16. Let r(t) = -6*f(t) + 11*n(t). List the prime factors of r(g).
2, 13
Let h(u) be the third derivative of u**4/24 + 7*u**3/3 + 8*u**2. List the prime factors of h(11).
5
Suppose -10*r + 19 = -11*r. Let q = 37 + r. What are the prime factors of q?
2, 3
Suppose -6 = u - 2*q, -3*q - q + 16 = 0. List the prime factors of ((-324)/(-20))/(u*(-3)/(-90)).
3
Suppose 1448 = 7*t - 820. What are the prime factors of t?
2, 3
Suppose -2*h - 391 = -4*f - 3359, h = -3*f + 1459. List the prime factors of h.
2, 11, 67
Let w(u) = 6*u**3 + 2*u**2 - 2. Let h be w(-1). Let m(q) be the third derivative of -q**4/8 - q**3/3 + q**2. List the prime factors of m(h).
2
Let s = 3611 - -328. List the prime factors of s.
3, 13, 101
Let p be (2/4)/(1/(-10)). Let d = p - 0. List the prime factors of (d + (6 - 3))/(-1).
2
Suppose 2*d + 4 = 3*d. Suppose -3*h + i + 24 = 0, d*h - 4*i = 2*h + 16. What are the prime factors of h?
2
Let w(c) = c**3 - 6*c**2 - 6*c - 2. Let r be w(7). Suppose -v + 72 = r*p, v - 2*v + p + 60 = 0. List the prime factors of v.
2, 31
List the prime factors of (3/(-6))/((-34)/34952).
2, 257
Let j(p) = 3*p**2 - 2*p + 10. Let s be j(-7). Let x = s + -120. Suppose -2*z + x = -y - 25, 3*z = y + 115. List the prime factors of z.
3, 13
Let x(u) be the second derivative of u + 15/2*u**2 - 1/6*u**3 + 0. List the prime factors of x(0).
3, 5
Let f be (0 - (0 + -1)) + -1. Let h(y) = -y**3 - y**2 - y + 54. Let s be h(f). Let c = s - 31. List the prime factors of c.
23
Let u(z) = -7*z**2 - 7*z - 2. Let b(y) = y**2 - y + 1. Let v(w) = 6*b(w) + u(w). Let l be v(-13). What are the prime factors of 30/20 - (-242)/l?
2, 31
Let p = 309 - -269. List the prime factors of p.
2, 17
Suppose -12*n + 459 + 453 = 0. List the prime factors of n.
2, 19
Let p(u) = -4 - 3 + 14*u - 42*u + 3. What are the prime factors of p(-6)?
2, 41
Let z(l) be the third derivative of l**6/120 + 7*l**5/30 - 5*l**4/8 + 11*l**3/6 - 16*l**2. What are the prime factors of z(-15)?
11
Let p(q) = -3*q - 1. Let y be p(-2). Suppose -8 = -d - 2*d - 4*k, -2*d + y = 3*k. What are the prime factors of (11 + 8)/(2/d)?
2, 19
List the prime factors of ((-13)/39)/(1/(-915)).
5, 61
Let d(p) = -8*p - 3. Let n be d(-1). Suppose h = -h - 4*q + 106, h = -n*q + 41. List the prime factors of h.
61
Let k(p) = 2*p**3 + 4*p**2 - 9*p + 8. What are the prime factors of k(3)?
71
Let o = -24 - -26. List the prime factors of 569/7 + -1*o/7.
3
Suppose -5 = g + 16. Let w be 7/g + (-1)/(-3). List the prime factors of w - (44/(-1))/2.
2, 11
Let k = 451 + -333. List the prime factors of k.
2, 59
Suppose 112*r = 130*r - 11034. List the prime factors of r.
613
Let a be (6/(-4)*1)/((-6)/8). Suppose 5*w = -4*g + 1030 - 329, 352 = a*g + 4*w. What are the prime factors of g?
2, 3, 29
Let j(x) = 33*x + 14. Let k(w) = 82*w + 34. Let g(l) = 12*j(l) - 5*k(l). Suppose -2 + 12 = -5*c. What are the prime factors of g(c)?
2, 13
Let r be (-34)/1*(-17)/34. What are the prime factors of r/(-2)*10*-2?
2, 5, 17
Let h be 4/18 - 886/18. Suppose -3*q + 6 = 3. Let b = q - h. What are the prime factors of b?
2, 5
Suppose 0 = -5*c - k + 4*k + 26, -10 = -5*c - 5*k. Suppose 4*h + 3*w = -18, -3*h + c*w - 20 = -h. What are the prime factors of (-335)/h - 4/(-24)?
2, 7
Let v be (-2)/((-1 - -3) + -4). Let k = 11 - v. List the prime factors of k.
2, 5
Suppose 6*h - 3*o - 9 = 2*h, -4*h - 3*o - 9 = 0. Suppose 5*c = -h*c. Suppose c = -4*f + 22 + 126. List the prime factors of f.
37
Let j(y) = -141*y + 419. What are the prime factors of j(-10)?
31, 59
Suppose 4*z - 3*z + 3 = 0. Let s(g) = -2*g - 15. Let u(l) = -l - 16. Let t(v) = z*u(v) + 2*s(v). List the prime factors of t(14).
2
Suppose 3*w = -9, -2*i + 3*w + 63 + 210 = 0. Suppose -4*o + 2*v = -i, -o - 2*v + 4*v = -27. Suppose 2*c - c = o. What are the prime factors of c?
5, 7
Suppose 4*o = -0*o - 4*p - 12, -4*o + 2*p - 36 = 0. Let x = o - -8. List the prime factors of (32 - x) + (4 - 5).
2, 3, 5
List the prime factors of (2148/(-5))/((-180)/600).
2, 179
Suppose -9*a - 518 = -194. Let r = a - -72. List the prime factors of r.
2, 3
Suppose 26*i + 7 = 27*i. Let k(g) be the second derivative of g**4/6 - 13*g**3/6 + 9*g**2 - 2*g. What are the prime factors of k(i)?
5
Let i = -1 + -9. Let f be -5*i/15*-3. List the prime factors of 2/(f/5) + 72.
71
Let t(v) = -v**3 + 8*v**2 + 10*v - 5. Let a be t(9). Suppose -5*q = -3*q + 5*j - a, -j + 8 = -2*q. Let b(x) = 4*x**2 - x - 3. List the prime factors of b(q).
2, 3
List the prime factors of (81/4 - 3)/(3/72).
2, 3, 23
Let y(k) = -9*k + 13. Let h(m) = m - 14. Let v be h(7). List the prime factors of y(v).
2, 19
Let q = -20 - -71. Suppose -q = -u + 93. What are the prime factors of u?
2, 3
Let w = 34 - 40. Let v(p) = -p**2 - 8*p + 8. List the prime factors of v(w).
2, 5
Let w be 0 + (-10)/5 + 4. What are the prime factors of 2/w + 1 - -61?
3, 7
Let f(p) = 98*p - 222. What are the prime factors of f(6)?
2, 3, 61
Suppose 0 = -7*p + 9*p - 50. Suppose -5*y = -3*f + 21, -4*y - p = -3*f - 4. Let g(r) = -r**3 + 7*r**2 + 6*r - 2. List the prime factors of g(f).
2, 5
Suppose -1518 = -5*y + u, 2*y = y + 3*u + 298. List the prime factors of y.
2, 19
Suppose 4 = -4*t + 3*t, 4*v - 2*t = 20. Suppose 3*a + 0*a - v*q = 123, 2*a - 57 = -3*q. What are the prime factors of a?
2, 3
Let t(c) = -8*c + 0 - 6 - 5. Suppose 2*i + 2*d = -14, -5*i = 2*d - 11 + 40. What are the prime factors of t(i)?
29
Suppose 0 = 3*k - 3*a + 2*a + 14, 4*k = a - 17. Let s(v) = -v**3 - v**2 + v - 3. Let z be s(k). Let u = -10 + z. List the prime factors of u.
2
Let k(o) be the third derivative of 2*o**5/3 + o**4/12 + 7*o**2. List the prime factors of k(-1).
2, 19
Let h(k) = -2*k**3 - k**2 + k + 35. What are the prime factors of h(-8)?
3, 7, 47
Let f(j) = -11 + 4 + 27*j + j**3 - 50*j**2 + 37*j**2 - 5. What are the prime factors of f(11)?
43
Let r be 54/12 - 1/2. Suppose r*p - 443 = -5*m, -5*m - 49 = -p + 93. What are the prime factors of ((-1)/1 + p)/2?
2, 29
Suppose 38319 - 3839 = 20*z. What are the prime factors of z?
2, 431
Let m = -668 - -962. What are the prime factors of m?
2, 3, 7
Let n = 273 + -172. Let j = n + 54. What are the prime factors of j?
5, 31
Suppose 4*f = 5*j + 526, 3*f + 2*f - 635 = -5*j. Suppose 4*c - 335 = f. What are the p